 3, 5, 23, 79
List the prime factors of 9619720.
2, 5, 11, 21863
What are the prime factors of 963244?
2, 240811
List the prime factors of 711978.
2, 3, 107, 1109
What are the prime factors of 736671?
3, 13, 1453
What are the prime factors of 982681?
7, 79, 1777
List the prime factors of 1437915.
3, 5, 257, 373
List the prime factors of 4453299.
3, 54979
What are the prime factors of 10361094?
2, 3, 61, 28309
What are the prime factors of 468393?
3, 156131
What are the prime factors of 509080?
2, 5, 11, 13, 89
List the prime factors of 257600.
2, 5, 7, 23
What are the prime factors of 172075?
5, 6883
List the prime factors of 2774631.
3, 924877
What are the prime factors of 815272?
2, 101, 1009
What are the prime factors of 389569?
389569
List the prime factors of 1013277.
3, 337759
What are the prime factors of 6523827?
3, 2174609
List the prime factors of 311018.
2, 155509
List the prime factors of 6250903.
6250903
List the prime factors of 2371432.
2, 7, 17, 47, 53
List the prime factors of 9962231.
271, 36761
List the prime factors of 1555734.
2, 3, 29, 8941
List the prime factors of 10115735.
5, 7, 289021
List the prime factors of 2649526.
2, 11, 83, 1451
List the prime factors of 9070535.
5, 1814107
What are the prime factors of 23551552?
2, 71, 73
List the prime factors of 32878.
2, 17, 967
What are the prime factors of 743263?
743263
List the prime factors of 1632743.
7, 41, 5689
What are the prime factors of 306598?
2, 41, 3739
What are the prime factors of 1017232?
2, 63577
List the prime factors of 8565788.
2, 7, 11, 29, 137
List the prime factors of 14987085.
3, 5, 277, 3607
What are the prime factors of 8502070?
2, 5, 850207
List the prime factors of 3743264.
2, 7, 17, 983
List the prime factors of 27955264.
2, 436801
List the prime factors of 4696966.
2, 53, 73, 607
List the prime factors of 8336110.
2, 5, 59, 71, 199
List the prime factors of 221050.
2, 5, 4421
List the prime factors of 1341775.
5, 191, 281
List the prime factors of 1419943.
7, 109, 1861
List the prime factors of 528491.
528491
List the prime factors of 1152005.
5, 17, 13553
List the prime factors of 20263943.
7, 23, 125863
What are the prime factors of 1411969?
13, 17, 6389
What are the prime factors of 4862218?
2, 103, 23603
List the prime factors of 1645245.
3, 5, 7, 1741
What are the prime factors of 23200517?
37, 627041
List the prime factors of 693920.
2, 5, 4337
List the prime factors of 1909357.
251, 7607
What are the prime factors of 2182222?
2, 7, 17, 53, 173
What are the prime factors of 19929996?
2, 3, 109, 1693
What are the prime factors of 21941893?
29, 31, 24407
List the prime factors of 112059.
3, 12451
List the prime factors of 5044720.
2, 5, 63059
List the prime factors of 228509.
228509
List the prime factors of 1613685.
3, 5, 179, 601
What are the prime factors of 2912799?
3, 479, 2027
List the prime factors of 99607.
99607
What are the prime factors of 207993?
3, 19, 41, 89
List the prime factors of 75135.
3, 5, 5009
What are the prime factors of 15742576?
2, 983911
List the prime factors of 14584300.
2, 5, 17, 23, 373
What are the prime factors of 4511896?
2, 563987
List the prime factors of 17895.
3, 5, 1193
What are the prime factors of 1468321?
43, 34147
What are the prime factors of 15764829?
3, 5254943
List the prime factors of 1347126.
2, 3, 11, 20411
List the prime factors of 6842921.
6842921
List the prime factors of 2594889.
3, 11, 8737
What are the prime factors of 3060198?
2, 3, 197, 863
List the prime factors of 5511374.
2, 11, 479, 523
What are the prime factors of 15716451?
3, 5238817
What are the prime factors of 1793881?
421, 4261
List the prime factors of 288784.
2, 18049
What are the prime factors of 15063840?
2, 3, 5, 11, 317
What are the prime factors of 6972391?
37, 188443
List the prime factors of 113257.
37, 3061
List the prime factors of 567433.
23, 24671
List the prime factors of 2922958.
2, 1461479
List the prime factors of 386259.
3, 199, 647
List the prime factors of 134091.
3, 47, 317
List the prime factors of 16437803.
16437803
What are the prime factors of 458232?
2, 3, 61, 313
What are the prime factors of 566609?
733, 773
What are the prime factors of 236?
2, 59
List the prime factors of 3595032.
2, 3, 7, 1019
List the prime factors of 3942590.
2, 5, 394259
List the prime factors of 441673.
101, 4373
What are the prime factors of 15668435?
5, 577, 5431
What are the prime factors of 1026580?
2, 5, 51329
What are the prime factors of 2869468?
2, 7, 102481
What are the prime factors of 6814956?
2, 3, 37, 15349
List the prime factors of 109195.
5, 21839
List the prime factors of 143469.
3, 19, 839
What are the prime factors of 116940?
2, 3, 5, 1949
What are the prime factors of 3553471?
3553471
What are the prime factors of 632367?
3, 37, 211
What are the prime factors of 641927?
11, 13, 67
List the prime factors of 2279783.
11, 23, 9011
What are the prime factors of 1132507?
1132507
What are the prime factors of 1273563?
3, 1747
What are the prime factors of 143456?
2, 4483
What are the prime factors of 2508830?
2, 5, 31, 8093
List the prime factors of 6667035.
3, 5, 444469
List the prime factors of 21525.
3, 5, 7, 41
What are the prime factors of 115557?
3, 13, 2963
What are the prime factors of 4003235?
5, 800647
List the prime factors of 469529.
469529
List the prime factors of 3553374.
2, 3, 11, 17, 3167
List the prime factors of 3220313.
43, 74891
List the prime factors of 2159995.
5, 113, 3823
What are the prime factors of 3706622?
2, 127, 14593
What are the prime factors of 125434?
2, 59, 1063
List the prime factors of 108909.
3, 12101
What are the prime factors of 7402965?
3, 5, 493531
What are the prime factors of 782310?
2, 3, 5, 89, 293
What are the prime factors of 970555?
5, 389, 499
List the prime factors of 10412234.
2, 7, 743731
List the prime factors of 1548861.
3, 19, 29, 937
List the prime factors of 241103.
461, 523
List the prime factors of 3222487.
3222487
List the prime factors of 1588049.
1588049
List the prime factors of 4483059.
3, 7, 30497
What are the prime factors of 3458607?
3, 67, 17207
List the prime factors of 3116266.
2, 19, 82007
What are the prime factors of 141694?
2, 7, 29, 349
List the prime factors of 354429.
3, 13127
List the prime factors of 242036.
2, 60509
List the prime factors of 14416052.
2, 7, 514859
What are the prime factors of 1231915?
5, 37, 6659
List the prime factors of 205980.
2, 3, 5, 3433
What are the prime factors of 14386137?
3, 79, 101, 601
What are the prime factors of 484108?
2, 37, 3271
List the prime factors of 299587.
41, 7307
List the prime factors of 1650030.
2, 3, 5, 55001
What are the prime factors of 657283?
11, 59753
List the prime factors of 11182299.
3, 41, 229, 397
List the prime factors of 1879.
1879
List the prime factors of 20276.
2, 37, 137
What are the prime factors of 1213643?
1213643
List the prime factors of 643737.
3, 89, 2411
List the prime factors of 1481390.
2, 5, 148139
What are the prime factors of 2995249?
2995249
What are the prime factors of 1791666?
2, 3, 33179
What are the prime factors of 13182945?
3, 5, 878863
What are the prime factors of 1986384?
2, 3, 29, 1427
What are the prime factors of 10551528?
2, 3, 13, 11273
What are the prime factors of 2082570?
2, 3, 5, 7, 47, 211
List the prime factors of 2951.
13, 227
List the prime factors of 231199.
41, 5639
List the prime factors of 823738.
2, 241, 1709
What are the prime factors of 199441?
11, 18131
What are the prime factors of 90429?
3, 43, 701
What are the prime factors of 2258744?
2, 331, 853
What are the prime factors of 21709751?
7, 3101393
What are the prime factors of 4872129?
3, 547, 2969
What are the prime factors of 21762627?
3, 2557, 2837
What are the prime factors of 30167328?
2, 3, 314243
List the prime factors of 622081.
17, 23, 37, 43
List the prime factors of 24661584.
2, 3, 6343
List the prime factors of 578640.
2, 3, 5, 2411
List the prime factors of 179893.
7, 31, 829
List the prime factors of 89263.
23, 3881
What are the prime factors of 3810096?
2, 3, 26459
List the prime factors of 505246.
2, 7, 151, 239
List the prime factors of 95321.
199, 479
What are the prime factors of 1248369?
3, 107, 3889
What are the prime factors of 33500834?
2, 